Let r(c) = c**3 - 7*c**2 - 5*c - 16. Let g be r(8). Let s be 2/g - 1 - 132/(-48). Suppose i - 103 = -3*k + 6*i, -s*k + 2*i = -70. What is the units digit of k?
6
Let q = -853 + 1569. Suppose -u + q = 4*o, -2*o - u - 179 = -3*o. Let c = o - 78. What is the units digit of c?
1
Suppose -1012 = -5*l + 1808. Suppose s + 91 = 4*i + 373, 0 = 2*s + 5*i - l. Suppose -2*t = t - s. What is the tens digit of t?
9
Suppose -6*o - 5 = -5*a - 3*o, -4*a - 33 = 5*o. Let v(y) = -2*y**2 - y + 80*y**3 + 73*y**3 - 179*y**3 + 3*y**2. What is the hundreds digit of v(a)?
2
Let t = 118348 + -65411. What is the ten thousands digit of t?
5
Suppose 0 = -5*v - 4*a + 943, -368 = -2*v - 0*v + 3*a. Let d = -265 + v. Let o = 157 + d. What is the tens digit of o?
7
Let l(q) = q**2 + 6*q - 13. Let u be l(-8). Let i be 31 + u + 2 - (-1 + -2). What is the units digit of i + (3/6)/((-3)/18)?
6
Suppose -n = 28*h - 32*h + 65, 0 = -3*n - h - 182. Let l(f) = -f**2 - f + 7. Let u be l(-8). Let s = u - n. What is the units digit of s?
2
Let j(b) = -1394*b - 2 + 1288*b + 83. What is the tens digit of j(-4)?
0
Suppose -2*k + 5971 = 2*t - 12905, 4*t + k - 37737 = 0. What is the thousands digit of t?
9
Let g(k) = k**2 + 15*k + 28. Let c be g(-14). Suppose 3 = -c*w + 15*w. Suppose -3*z - 477 = -w*o - o, -2*o = 3*z - 261. What is the hundreds digit of o?
1
Suppose -45*k + 499189 = -116*k + 2824368. What is the tens digit of k?
4
Let q(t) = -t**3 + 2*t**2 + 6*t + 8. Let a be q(4). Suppose 9*k = -a*k + 5967. What is the hundreds digit of k?
6
Suppose -4*y - l + 12804 = 0, -16*y - 2*l = -26*y + 32028. What is the tens digit of y?
0
Let j be ((-1)/(-2))/(13/(-2158)). Let y = j - -917. What is the units digit of y?
4
Let g be 2/5*165/22. Suppose 702 = 7*m - 6*m + g*n, -n = -2*m + 1390. What is the units digit of m?
6
Let h = -21 + 21. Suppose h = -2*y + 1 + 7. Suppose -y*n - 3*l + 113 = n, 3*l - 13 = -n. What is the units digit of n?
5
Let q(t) = -8*t - 9. Let g be q(-6). Suppose -g*h = -44*h + 1785. What is the hundreds digit of h?
3
Suppose 0 = 2*x + 10, -2*s - 3*x = 3 + 6. Suppose 0 = s*c + 2*m - 19, -5*c + 9 = -2*m + 4. Suppose c*k - 186 = 171. What is the units digit of k?
9
Let t(b) = b**3 + 15*b**2 - 15*b - 12. Let h be t(-12). Let y be h/20*(-4)/10. What is the units digit of y/(-18)*(-237)/(-2)?
9
What is the tens digit of (-6 - 44*8)*(-585)/30?
8
Suppose 2*o = b - 1392, 5*b + 42*o - 6960 = 40*o. What is the hundreds digit of b?
3
Suppose -2*l + 2*s + 12 = 0, 30 = 5*l - 3*s + 8. What is the hundreds digit of (6954/61)/(l/10)?
5
Let w = -65 - -123. Let j = 569 - w. What is the hundreds digit of j?
5
Let r = -71 + -5. Let s = 249 + r. What is the hundreds digit of s?
1
Suppose 3*z - 42 - 36 = 0. Let d(n) = -4 + 17 + 6*n + 2 + z*n. What is the hundreds digit of d(3)?
1
Suppose -9*s - 3 = 51. Let w = s + 2. What is the tens digit of 174/(-15)*w + (-8)/20?
4
Suppose 0 = 23*g - 17*g - 18. Let v(l) = -2*l + 2. Let d be v(0). Suppose -d*n = a - 235, 3*n - 8*n + 703 = g*a. What is the tens digit of a?
3
Suppose -i - 2728 = -9*i. Suppose b - 4*c = 129, -5*b - 2*c = -i - 304. What is the hundreds digit of b?
1
Let k(l) = -l**3 + 34*l**2 - 18*l + 53. Let h be k(27). What is the units digit of (-8 + 4)*h/(-40)?
7
Suppose -12 = -2*y + 4*m, y - 26 - 10 = -4*m. Suppose 0 = -26*d + y + 322. What is the tens digit of d?
1
Let z = -404 + 540. What is the hundreds digit of 32878/z + (-5)/(-4)?
2
Let b(g) = -g**3 + 9*g**2 - g - 4. Let d be b(9). Let u = d + 13. Suppose u = 5*i - 27 - 3. What is the units digit of i?
6
Suppose 0 = -5*v + 4*o + 83992, 9925 = 3*v + 5*o - 40448. What is the units digit of v?
6
Let u = 3558 - -274. What is the thousands digit of u?
3
Let r be (-27)/(5/(40/12)). Let b = 95 + r. Suppose -f = -5*i + b + 263, -114 = -2*i - 4*f. What is the units digit of i?
7
Let f = 41498 + -40078. What is the thousands digit of f?
1
Suppose 3*s - 211 = -0*s + 5*u, 4*s + 2*u = 264. Let j = s + 33. What is the units digit of j?
0
What is the hundreds digit of (4 - 5086/(-1)) + -10 + 12?
0
Let r(i) = -i**2 + 12*i - 9. Let a be r(1). Suppose 1238 = n + a*t, 6*n - 5*t = n + 6115. What is the thousands digit of n?
1
Suppose -119*r = -128*r + 104031. What is the tens digit of r?
5
Let s = -2921 - -1611. Let h = -933 - s. What is the hundreds digit of h?
3
Suppose 140*j - r = 135*j + 265, -161 = -3*j + r. What is the tens digit of j?
5
Suppose -10663 - 318169 = -64*i. What is the thousands digit of i?
5
Let r(s) = 312*s + 63. Let i be r(3). Suppose -3*o = 3*m - i, -4*o - 96 = m - 429. What is the units digit of m?
3
Let o(c) = -23*c**3 - 6*c**2 - 5*c - 3. Let y = 111 - 115. What is the units digit of o(y)?
3
Suppose f + 2*n - 4 = 0, -n = f - 2*n - 1. Let w be -12*8/(-24) + 2. Suppose w*b = a + b - 221, 4*a - f*b - 830 = 0. What is the hundreds digit of a?
2
Suppose -3*k + 11*b + 6354 = 16*b, -4*b - 4214 = -2*k. What is the thousands digit of k?
2
Let u(t) = -4*t + 39. Let h be u(9). Suppose h*d - 16 = -2*a + d, -d = -3*a + 44. Suppose 3*l - 487 = -a. What is the units digit of l?
8
Let o be 582/((-2)/(-5) + (-8)/(-5)). Let d = 488 - o. What is the units digit of d?
7
Let k = 140 - 142. What is the units digit of (k/(-6))/((-3)/(-1053))?
7
Suppose -3*w + 2*h + 51065 = 0, 20028 = 5*w + 5*h - 65047. What is the tens digit of w?
1
Let t(q) = -53*q - 5. Let u(v) be the first derivative of -132*v**2 - 25*v + 18. Let b(w) = 11*t(w) - 2*u(w). What is the units digit of b(-1)?
0
Let f(s) = 10*s**2 + 3*s - 3. Let x(m) = m**3 - 5*m**2 + 6*m. Let i be x(4). Let n be (-5)/(-20) + 30/i. What is the hundreds digit of f(n)?
1
Let c(y) = -62*y**3 - 20*y**2 - 46*y + 4. What is the hundreds digit of c(-5)?
4
Let s = -91 - -664. Suppose -s = 4*n - 1761. What is the units digit of n?
7
What is the tens digit of (-104877)/(-344) - (-3 - 46/(-16))?
0
Let f(d) = d**3 - 97*d**2 + d - 4056. What is the thousands digit of f(99)?
5
Let x(h) = h**2 - h + 9. Let f be x(0). Let v(r) = 2 + 36*r - 32*r - f + 0. What is the units digit of v(16)?
7
Let d(m) = 4*m**2 + m**3 + 325 + 3*m**2 - 18*m - 312. Let k(r) = 3*r + 3. Let u be k(-4). What is the tens digit of d(u)?
1
What is the units digit of 1/(-2)*-2 - 1130/(-1)?
1
Let f be -7 + (64/24)/(4/6). Let r(t) = -9*t - 22. What is the units digit of r(f)?
5
Suppose 0 = -16*p - 10970 + 66490. What is the units digit of p?
0
Suppose 0 = -37*w + 49426 + 2559. What is the hundreds digit of w?
4
Suppose 60 = -4*p - 4*b + 2*b, -b = -p - 15. Let j be 534/30 + 3/15. What is the tens digit of p/j*3*-14?
3
Suppose 0*r - 2*i = r + 114, 2*r + 243 = i. Let x = 195 + 12. Let s = x + r. What is the units digit of s?
7
Suppose 3*a + 5*w + 117 = 0, -12*w = -8*w. What is the hundreds digit of (-6)/a + 35445/39 + -2?
9
What is the hundreds digit of 9 - 9/((-36)/(-40)) - -6288?
2
Suppose -g + 37863 = -61*q + 66*q, -2*g + 2*q + 75774 = 0. What is the hundreds digit of g?
8
Let r be 2*(981/(-54) - (-2)/3). Let h = 77 + r. Suppose h = 4*j - 50. What is the units digit of j?
3
Let g = 1 + 1. What is the units digit of 286/66 - g/(-3)?
5
Let k(l) = 48*l**2 + 5*l - 1. Let n(x) = 95*x**2 + 9*x - 2. Let t(f) = 7*k(f) - 4*n(f). Let a be t(-4). What is the tens digit of a/(-3) + 8/4?
3
Suppose -106404 = -5*g + 3*b - 27336, 0 = b + 6. What is the tens digit of g?
1
Suppose 79*i - 75*i = 44. Let k(h) = -h**3 + 12*h**2 - 6*h + 22. What is the units digit of k(i)?
7
Let n = 83 - 80. Let l be 4/((-24)/n) + 10/4. Suppose 4*p + l*q - 530 = -3*q, 2*p = 3*q + 276. What is the tens digit of p?
3
Let l be -1 + -3 + 3/((-12)/(-68)). Let s = l + -14. Let c = 12 + s. What is the tens digit of c?
1
Suppose -10*m + 7 = -33. Suppose -i + 3*u = -688, m*i - 731 - 1979 = -2*u. What is the hundreds digit of i?
6
Suppose 2*d - 108 = -5*n, -3*n - 1 = -13. Let q = d + -79. Let k = 55 + q. What is the tens digit of k?
2
Let r(d) be the first derivative of 2*d**3/3 + 26*d + 28. Let m be r(12). Let g = m - 156. What is the tens digit of g?
5
Suppose -y - 34 = -5*j, -5*j - 5*y - 2 = -2*j. Suppose i = 2*a + 2*a + 3, 2*a + 2*i = j. Suppose 9*c + 4 - 13 = a. What is the units digit of c?
1
Suppose 12 = 23*y - 19*y. Suppose -y*w = 3*v, -2*w + v = -3*v - 12. Suppose -p + 9 = 3*f - 69, 0 = -4*p - w*f + 272. What is the tens digit of p?
6
Let m = -495 -